 - i*m + 9. What is the units digit of o?
8
Let w(n) = n**3 + 7*n**2 + 4*n - 1. Let j be w(-5). Let g = j + -15. What is the tens digit of 6/g + (-354)/(-7)?
5
Suppose 34 = 3*j - 17. Let z = j - 15. Suppose -4*m - 24 = -z*i - 8, -4*m + 8 = i. What is the units digit of i?
8
What is the units digit of -4 + 132/32 - (-5151)/8?
4
Suppose 5*h - 2*s = 2*h + 1235, 0 = -2*h - 5*s + 855. Suppose -5*a = 2*m + 136 - 542, 0 = 5*a + 5*m - h. What is the units digit of a?
0
Let i(d) = d**3 - 30*d**2 - d + 36. Let n be i(30). Suppose -1005 = -n*m - 315. What is the hundreds digit of m?
1
Let d = 804 + -202. What is the tens digit of d?
0
Let n = 20 - 29. Suppose 11 = -0*p + p. Let z = p + n. What is the units digit of z?
2
Let i(f) = f**3 - 9*f**2 - 9*f + 4. Let x(j) be the first derivative of 2*j**3/3 - 3*j**2/2 + j - 11. Let d be x(3). What is the tens digit of i(d)?
1
Let v(u) be the third derivative of -u**5/60 + u**4/4 - 2*u**3/3 + 39*u**2. What is the units digit of v(4)?
4
Let h = 131 + -38. Let o(a) = 4*a + 44. Let f be o(-10). Suppose -d + f*d = h. What is the tens digit of d?
3
Let l(v) = 2*v + v**3 - 15*v + 8*v**2 + 101 - 90. What is the tens digit of l(-9)?
4
Let r be ((-12)/(-10))/(24/60). Suppose 0 = -h + r + 30. What is the units digit of h?
3
Let d(m) = -m**2 + 49*m + 2. What is the tens digit of d(13)?
7
Let q be 1/(-2) + (-9)/(-2). Suppose x - 2*x = -q. Suppose 0 = 3*b - 4*b - 3*s + 26, -89 = -x*b + 3*s. What is the tens digit of b?
2
Let y = -33 - -38. Suppose -y*s = -3*n - 488, 4*n - 160 = 4*s - 544. What is the units digit of s?
0
What is the units digit of 121 - -2 - (20/5 + -1)?
0
Let z be 34/((-2)/7 + 84/(-49)). Let a(y) = -3*y + 6. Let n be a(6). Let p = n - z. What is the units digit of p?
5
Let w be (-204)/(-15) + (-4)/(-10). Let n be 2/(-7) - (-32)/w. Suppose 4*b - 22 = -3*f, -4*b = 2*f + n - 10. What is the tens digit of f?
1
Let a(f) = -5 - 87*f**2 - 1 + f**3 + 83*f**2 + 6*f. What is the units digit of a(5)?
9
Let l(b) = -b - 1. Let o be 1/((-1)/10*-2). Suppose 0 = o*c, 0 = -2*q + 2*c + 3*c - 8. What is the units digit of l(q)?
3
Let u = 444 - 256. Suppose -14*j + u = -10*j. What is the tens digit of j?
4
Let o(m) be the first derivative of 5*m**4/4 - m**3/3 - m**2/2 - m + 5. Let h be o(-1). Let v(s) = -6*s + 1. What is the tens digit of v(h)?
3
Let v = 7 + -45. Suppose 24 + 84 = -3*f. Let m = f - v. What is the units digit of m?
2
Let h be ((-13446)/(-243))/(1 - (-1)/(-3)). Let a = 0 + h. What is the tens digit of a?
8
Let p(k) = -k**3 + 5*k**2 + 7*k - 3. Let u be p(6). Let b be 210/7 - (-1 - 1). Suppose 3*j = -5*g + 71, 0*g + b = 2*g + u*j. What is the tens digit of g?
1
Let k be (-2)/(-9) - 1397/9. Let j = k + 234. Suppose -3*d + j - 10 = 0. What is the units digit of d?
3
Suppose 0 = m + 9 - 3. What is the units digit of (-28)/(m/(-30) - (-7)/(-10))?
6
Suppose -8*o = -12*o + 4*a + 1648, a + 1244 = 3*o. What is the units digit of o?
6
Suppose -2*y = -4*n - 4, -5*y + 11 = -5*n - y. Let g(f) = 7*f - 2. What is the units digit of g(n)?
5
Let f(g) = 32*g - 58. What is the tens digit of f(20)?
8
Let o = -861 - -2903. What is the hundreds digit of o?
0
Suppose 3*h - 1407 = -7*s + 4*s, -3*h + 3 = 0. What is the tens digit of s?
6
Let v be (-6)/(-4)*(1 + 1). Let q(j) = -2*j - 38. Let n be q(-20). Suppose -135 = -v*m + n*s - 42, -113 = -4*m - s. What is the tens digit of m?
2
Suppose 875 = -5*j + 5600. What is the units digit of j?
5
Let q = 12 - -443. What is the units digit of q?
5
Suppose -36*m = -78*m + 170604. What is the thousands digit of m?
4
What is the tens digit of (-28)/(-112) + (-3551)/(-4)?
8
Let s(p) = -3*p + 49. Let d be s(-13). What is the units digit of ((-29)/2)/((-11)/d)?
6
Let k(m) = m**3 + 5*m**2 + m + 5. Let r be 1*5*14/(-14). Let u be k(r). Suppose u = h + 2*h - b - 110, 40 = h - b. What is the tens digit of h?
3
Let f(y) = 2*y**3 - 42*y**2 - 53*y + 18. What is the units digit of f(24)?
2
Suppose o = 4*r + 238, 4*r + o = -0*r - 234. Let d = -30 - r. What is the units digit of d?
9
Let u(f) = f**3 + 1. Let z be u(-1). Let d = z - -10. What is the units digit of d?
0
Let j(h) = -7*h + 3. Let m(k) = -11*k + 5. Let n(y) = 7*j(y) - 5*m(y). What is the units digit of n(5)?
6
Let v = -15 - -1. Let q(h) = h**2 + 12*h - 8. What is the units digit of q(v)?
0
Suppose -2*p + o = 4*o - 4712, -p = 5*o - 2356. What is the units digit of p?
6
Suppose -d + 2822 = 16*d. What is the units digit of d?
6
Suppose -3*r = 3, 0*r - 281 = -z - 5*r. What is the tens digit of z?
8
Suppose 4*p - 2*v + 909 = -3*v, 0 = -p + 2*v - 216. What is the hundreds digit of (p*(-3)/18)/(5/15)?
1
Let u(k) = k**2 - 14*k + 19. Let r be u(13). Suppose -24 = -r*t - 0. What is the units digit of t?
4
Suppose -1093 = 13*o - 5591. What is the units digit of o?
6
Let v be 39*(-4)/(-12) - 0. Suppose -k - v = -69. What is the tens digit of k?
5
Let z(q) = -4*q - 1. Let s be z(-1). Let p be (6 - 4)/(10/25) - 0. Suppose -8 = -p*y + 3*y, 0 = -5*g - s*y + 247. What is the units digit of g?
7
Let k(j) = -j**2 - 11*j - 13. Let w be k(-10). Let l(s) = -2*s - 4. Let y be l(w). Suppose 3*q = y + 10. What is the units digit of q?
4
Let b = -69 + 121. Let s = -14 + b. What is the tens digit of s?
3
Suppose 8*u - 6*u - 8 = 0. Suppose 4*g - 16 = 0, -u*w + 26 = g - 150. What is the tens digit of w?
4
Suppose 3048 = 19*f + 5*f. What is the units digit of f?
7
Suppose -2*i - 5 = -3*h, -h + 4*i = 2 + 13. Suppose f + 1 = h, -3*g + 430 = -5*f. What is the hundreds digit of g?
1
Suppose 0 = 5*d + 52 - 2. Let i(k) be the first derivative of -2*k**2 - 10*k - 3. What is the units digit of i(d)?
0
Let w = 1396 + -732. What is the hundreds digit of w?
6
Suppose 4*g = 7*g - 747. What is the units digit of g?
9
Suppose 0*c = -7*c + 35. What is the units digit of c?
5
Let p be (-12)/(-30) - (15318/15)/(-2). Suppose p = 12*i + 187. What is the units digit of i?
7
Suppose -5*z - 4 = -4*z. Let w = z + 31. What is the units digit of w?
7
Let u(j) = j**2 - 19*j - 39. Let v be u(20). Let o = -14 - v. What is the units digit of o?
5
Let f(o) = o**2 + 0*o**2 - 39*o + 8 + 47*o. Let c be f(-8). Let t = c - 2. What is the units digit of t?
6
Suppose -9 = 5*m - 29. What is the tens digit of (6/3 - m)*(-5 + -9)?
2
Suppose 2*f + 13 = 1. What is the tens digit of f/9*(-131 - -2)?
8
Suppose 0 = 289*f - 293*f + 13940. What is the hundreds digit of f?
4
Let v(z) = z. Let l(w) = w**2 + 4*w - 1. Let s be l(-6). Let p = -2 + s. What is the units digit of v(p)?
9
Suppose 68*c = 45*c + 73025. What is the hundreds digit of c?
1
Let o = 1217 + -595. What is the units digit of o?
2
Let d = 9 + 9. Let o = 5 + d. What is the tens digit of o?
2
Let y = -6 + 12. Suppose 0*c = -2*c + y. What is the tens digit of 27 + 2 + (c - 1)?
3
Suppose -l + 4 = 1. Suppose 0 = l*q + q - 140. What is the tens digit of q?
3
Let l = 16 - 9. Let k be 6/(-12) + l/2. Suppose 4*a + 2*n + 3*n - 141 = 0, 3*a - 102 = -k*n. What is the tens digit of a?
2
Let p(s) = 20*s + 60. What is the units digit of p(12)?
0
Let k = 13 - 11. Suppose -2*x + k = -2. Suppose -x*f = -1 - 3, 3*l - 2*f = 14. What is the units digit of l?
6
Let o(f) = -f**3 + f**2 + f + 11. Let q be o(0). What is the units digit of 13*(q + -4)*1?
1
Let a(i) = 10*i - 7. Let x be a(6). Let q = x - 16. What is the units digit of q?
7
Suppose -m + 0 = -3. Let g(j) = 41*j - 3. What is the hundreds digit of g(m)?
1
Let v = 53 + -45. Suppose v*y - 82 = 446. What is the units digit of y?
6
Let o(r) = -r**2 - 9*r + 2. Let v be o(-9). Let z(q) = -10 + 5*q + 0*q + q**v + 0. What is the units digit of z(-9)?
6
Let d = -4 + 22. Let x be (-1)/6 + 3/d. Suppose 0 = 2*m + 3*t - 21, x*t = t - 3. What is the units digit of m?
6
Suppose -9 + 18 = 3*b. Suppose -300 = -0*i - b*i. What is the units digit of i?
0
Suppose 2*l + 5*q + 11 = 0, -7*l + 4*q + 20 = -3*l. Suppose 4*g = -5*v + 18, -5*g + 38 = l*v + 7. What is the units digit of g?
7
Suppose 4*z - 450 = d, 3*z - 27*d - 333 = -24*d. What is the units digit of z?
3
Suppose 4198 + 3722 = 15*o. What is the tens digit of o?
2
Let n be (-18)/4*(-10)/15. Suppose n*z = -0*z + 4*p + 64, 38 = 2*z - 5*p. What is the tens digit of z?
2
Suppose -5*d = -179 - 631. Suppose 4*w - 2*z = d, 4*w + z = 7 + 152. What is the tens digit of w?
4
Let x be -6*(-2 - 3/